 is divided by 19.
17
Suppose -b = 2*f + 2*b - 80, 0 = f + 5*b - 47. Let w(g) = g**2 + g - 9 + 3*g + 2 + 5. What is the remainder when f is divided by w(-7)?
18
Suppose -c + 3 = b, -b = -3*c + 6 + 7. Suppose -3*r + p = -24, r - 3*p = c*r - 24. Let y(l) = 6*l - 23. Calculate the remainder when 98 is divided by y(r).
23
Suppose 0 = y - 4*y, 0 = -4*t - 2*y - 372. Let x = -83 - t. What is the remainder when 29 is divided by x?
9
Let z(d) = -d**2 - 16*d + 10. Let o = -12 + 18. Calculate the remainder when z(-16) is divided by o.
4
Let s(l) = -182*l - 1. Let d be s(-1). Let f = d - 80. What is the remainder when f is divided by (-2)/(-27) + 61600/2376?
23
Suppose 6*o = -521 - 469. Let g = o + 236. Calculate the remainder when g is divided by 18.
17
Suppose 5*d = 2*d - 2*q + 6, 3*d - q - 6 = 0. Suppose -d = b - 0, 4*p - 5*b = 170. Calculate the remainder when p is divided by 14.
12
Let s(l) = -93*l - 170. What is the remainder when s(-2) is divided by (-23)/(-5) - (-4)/10?
1
Let y(v) = -v**2 - 6*v + 5. Let k be y(-5). Let z be k*(-3 + 3 + -2). Let j = -13 - z. Calculate the remainder when 13 is divided by j.
6
Let w(r) = -r**3 - 5*r**2 - 6*r - 8. What is the remainder when 59 is divided by w(-5)?
15
Let t(b) = b**2 - 7*b - 20. What is the remainder when (92/5)/((-4)/(-10)) is divided by t(10)?
6
Let h(c) = -c + 33. Let x = 115 - 236. Let q = 133 + x. What is the remainder when h(0) is divided by q?
9
Calculate the remainder when 85 is divided by 108/48*(-28)/(-3).
1
Suppose 4*x = -k - 0*x + 40, 3*k + 5*x - 99 = 0. Suppose 50 = -9*t + 4*t. Let y(h) = -h**2 - 12*h - 10. What is the remainder when k is divided by y(t)?
8
Suppose 22 = 2*r + 2*n + n, 2*r = 4*n - 6. Calculate the remainder when 0*(-9)/(-81) - -37 is divided by r.
2
Let u(d) = -13*d - 4. Let c be u(-24). Suppose c = -s + 8*s. What is the remainder when s is divided by 16?
12
Suppose 8 = 3*z - 1. Suppose -z*g = -0*g. Suppose -b + 37 + 21 = g. What is the remainder when b is divided by 15?
13
Let v(u) = u**3 + 6*u**2 + 2*u + 2. Let n = -340 + 355. Calculate the remainder when v(-4) is divided by n.
11
Suppose -15 = 3*o - 66. Let j(g) = 49*g**2 - g - 1. Let n be j(-1). Let w = n + -44. What is the remainder when o is divided by w?
2
Let c(y) = 2*y**2 - 9*y - 4. Let s(t) = 0*t - t + 2 + 0. Let d be s(-5). What is the remainder when c(d) is divided by 16?
15
Let c be 8*8*(2 + -3). Let r = -6 - c. Suppose 2*i - 4*s - r = 0, 2*i - 49 = 5*s + 12. Calculate the remainder when 44 is divided by i.
21
Let n = -15 - -63. What is the remainder when 526 is divided by n?
46
Let u be (-18)/24 + 102/8. Suppose 2*a = 4*a - u. What is the remainder when 5/15 + 82/a is divided by 4?
2
Let r(y) = 4*y + 15. Let q be r(-4). Let i = q + 3. What is the remainder when 8 is divided by i?
0
Let h(t) = -23*t + 20. Let w be h(-4). Let n = 140 - w. Calculate the remainder when 139 is divided by n.
27
Suppose -18 = -r + 5*l, 2*l = -5*r - 2*l + 148. What is the remainder when 79 is divided by r?
23
Let q = -203 - -223. Calculate the remainder when 68 is divided by q.
8
Let w = -6266 - -6279. Calculate the remainder when ((-35)/2)/((-1)/8) is divided by w.
10
Let d = 193 - 136. Let x be 272/20 + -4 - (-9)/(-15). Let v(p) = p**3 - 9*p**2 - 3*p + 56. What is the remainder when d is divided by v(x)?
28
Suppose -4*x + 204 - 36 = 0. Suppose -5*u + b = 4*b - 56, -4*u - b + x = 0. What is the remainder when 23 is divided by u?
3
Let q(s) = 4*s - 2. Let c(d) = -1. Let i(u) = -6*c(u) + 2*q(u). Calculate the remainder when 49 is divided by i(3).
23
Let m be (-1)/((-2)/(-46)) + -1. What is the remainder when (21/(-28))/(2/m) is divided by ((-3)/(-4))/(4/16)?
0
Calculate the remainder when 103 is divided by 12/6 + 31 + 1 + 1.
33
Let w(p) = 2*p**2 + 18*p + 112. Calculate the remainder when w(-11) is divided by 41.
33
Let x = -40 - -566. What is the remainder when x is divided by 66?
64
Suppose -13*b + b = 0. Suppose b = 6*o + 34 - 172. What is the remainder when o is divided by 12?
11
Suppose 31*g - 56 = 27*g. Let f(i) = 4*i**3 + 2*i + 3. Let j be f(-2). Let o = -7 - j. What is the remainder when o is divided by g?
12
Let p = -169 - -303. What is the remainder when p is divided by 27?
26
Let o be 1 + -14 - (13 + -16). Calculate the remainder when (-4)/o - (3 + (-219)/15) is divided by 7.
5
Let m = 483 - 459. Calculate the remainder when 178 is divided by m.
10
Let f be 0/((-5)/(5/1)). Suppose -z - a + 96 = f, -2*z + 6*z - 348 = 5*a. What is the remainder when z is divided by (-6 + -6)*-2*1?
20
Let h be -3 + 24/10 + (-1176)/(-10). Let r = 2 + h. Calculate the remainder when r is divided by 40.
39
Suppose k + k = 0. Suppose -3*p = 9, 5*s + k*p = 2*p + 31. Suppose 0 = s*y - 378 + 28. Calculate the remainder when y is divided by 24.
22
Let n(h) = 10*h - 1. Let d = 38 - 33. Calculate the remainder when n(1) is divided by d.
4
Let h = 23 + -11. Suppose 0 = 4*s + 5*q - 97, 0*q + 4*q + 111 = 5*s. What is the remainder when s is divided by h?
11
What is the remainder when (-1*38)/((-16)/24) is divided by (-394)/(-26) - 8/52?
12
Calculate the remainder when ((0 - 47) + (-13 - -11))*-1 is divided by 10.
9
Let s = 559 - 558. Calculate the remainder when 76 is divided by s.
0
Let s(o) = -o + 1. Let v(z) = -5. Let q(k) = -2*s(k) - v(k). What is the remainder when 18 is divided by q(0)?
0
Suppose 9*a - 2*k - 92 = 8*a, 3*a = -5*k + 243. Calculate the remainder when a is divided by 15.
11
Let r = 163 + -112. Suppose -5*a + 996 = 4*s, 5*s - 4*s - 262 = 2*a. Calculate the remainder when s is divided by r.
50
Suppose -16*u = -43 - 917. What is the remainder when 164 is divided by u?
44
Let b = -7 - -13. Suppose -8 = -w - 3*w. Suppose 0 = 3*i - 2*h + 4*h - 14, -w*i = -2*h - 6. What is the remainder when b is divided by i?
2
Let a be (69/2)/3*40. Suppose -j + a = 5*v + j, 0 = -4*v - 3*j + 361. Let o(c) = 4*c**3 - 5*c + 10. Calculate the remainder when v is divided by o(2).
30
Suppose -p + 92 + 134 = m, -3*m - 5*p + 688 = 0. What is the remainder when m is divided by 109?
3
Let f(c) = -c**2 - 33*c + 2. Calculate the remainder when f(-31) is divided by 1.
0
Let d(c) = -4 - 3 - 11 - 10 - 6*c. Calculate the remainder when d(-18) is divided by 12.
8
Let j = -30 + 49. Let h = 20 + -15. What is the remainder when j is divided by h?
4
Let r(p) be the third derivative of p**6/120 + p**5/60 + 31*p**3/6 - p**2. Calculate the remainder when 183 is divided by r(0).
28
Let w = -52 + 63. What is the remainder when 84 is divided by w?
7
Suppose 227 = 4*y + 2*m - 237, -m - 236 = -2*y. What is the remainder when y is divided by 60?
57
Let h = -9 - -46. Suppose -h = 5*t - 112. Calculate the remainder when 27 is divided by t.
12
Let o(y) = -8*y. Let i be (-4)/(-26) + (-45)/39. Suppose -15*m = -9*m - 60. What is the remainder when m is divided by o(i)?
2
Let p(g) = -12*g + 3. Suppose 0 = 2*c - 43 + 45. Calculate the remainder when 42 is divided by p(c).
12
Suppose -5*i + 3*b + 189 = 0, -72 = -4*i - 3*b + 63. What is the remainder when i is divided by 8?
4
Suppose 0 = 3*v + r - 96, -5*v + 125 = 3*r - 31. Suppose -3*y + v = -27. Suppose 22*x - 124 = y*x. Calculate the remainder when x is divided by 32.
30
Let f(b) = 59*b**2 - 33*b**2 + 8*b + 33 - 25*b**2. What is the remainder when f(-4) is divided by 6?
5
Suppose 5*w - 175 = 2*u - 0*u, 2*w - 3*u - 81 = 0. Suppose 2*i = 4*t - 11 + 31, -i - t + 22 = 0. Calculate the remainder when w is divided by i.
15
Suppose -3*y + 300 = 3*y. Let l = 27 + -9. What is the remainder when y is divided by l?
14
Let y(w) = 44*w**3 - 2*w**2 + w + 1. What is the remainder when 209 is divided by y(1)?
33
Let v = 27 + 21. Suppose -228 - v = -6*c. What is the remainder when c is divided by 24?
22
Suppose -46 = 73*j - 75*j. Suppose -j = -k + 5*n, -k + 0*k - 3*n - 9 = 0. Calculate the remainder when k is divided by 3.
0
Let x = 13 + -9. Suppose 0 = -x*r + 5*s - 9, 3*r - 2*r - 3*s = -11. Calculate the remainder when 5 is divided by r.
1
Suppose 1908 = 41*f - 19. Calculate the remainder when 337 is divided by f.
8
Let o(d) = -11*d**2 + 45*d - 19. Let y(u) = 5*u**2 - 22*u + 10. Let b(s) = 6*o(s) + 13*y(s). Calculate the remainder when b(-12) is divided by 33.
31
Suppose 5*r - 2*v - 618 + 9 = 0, 5*r - 3*v = 611. What is the remainder when r is divided by 62?